 523874.
26
What is the greatest common divisor of 272115 and 30?
15
What is the greatest common divisor of 192 and 63960576?
192
What is the highest common divisor of 9245716 and 58068?
6452
What is the greatest common divisor of 221 and 141934065?
13
What is the highest common divisor of 59 and 119039?
1
Calculate the highest common divisor of 19600518 and 378.
42
Calculate the greatest common factor of 517150 and 4500.
50
Calculate the greatest common divisor of 68245872 and 32.
16
Calculate the highest common factor of 175100794 and 105754.
5566
Calculate the greatest common factor of 6 and 17531187.
3
What is the highest common factor of 9 and 84686661?
9
Calculate the greatest common factor of 32180 and 1588.
4
What is the greatest common factor of 26214 and 8929182?
102
Calculate the greatest common divisor of 175987 and 84990367.
5677
Calculate the highest common divisor of 132597 and 177.
3
What is the greatest common factor of 61910824 and 116?
116
What is the highest common factor of 110862 and 308934?
54
Calculate the highest common divisor of 17108 and 33332.
52
Calculate the greatest common factor of 46 and 340314624.
46
What is the highest common divisor of 10962 and 9264024?
378
What is the greatest common factor of 32117379 and 133?
7
Calculate the highest common factor of 1608 and 965336.
536
What is the highest common divisor of 78229552 and 272?
16
What is the highest common divisor of 41097 and 4066209?
399
What is the greatest common divisor of 441 and 22186367?
49
Calculate the highest common divisor of 4097 and 601528.
17
Calculate the highest common factor of 147636024 and 17.
17
Calculate the highest common factor of 191329805 and 3095.
3095
Calculate the highest common factor of 2002857 and 139410.
4647
Calculate the greatest common divisor of 4478 and 315204181.
2239
Calculate the greatest common divisor of 11131437 and 3879.
1293
What is the highest common factor of 56 and 17628114?
14
Calculate the greatest common divisor of 84591 and 69903.
27
What is the greatest common factor of 8705325 and 9975?
1425
What is the greatest common divisor of 15330 and 88744640?
730
Calculate the greatest common divisor of 1027294 and 4068802.
4486
What is the highest common factor of 27454 and 5681282?
106
Calculate the highest common factor of 47815075 and 77231.
4543
Calculate the greatest common factor of 22644997 and 41.
41
Calculate the greatest common factor of 7015375 and 2375.
125
Calculate the greatest common factor of 184 and 18766648.
8
Calculate the highest common divisor of 9003 and 974637771.
9003
Calculate the greatest common factor of 201059366 and 93.
31
What is the greatest common factor of 5 and 8993185?
5
Calculate the highest common factor of 1239705 and 150.
15
Calculate the highest common factor of 175881401 and 159.
53
What is the greatest common divisor of 177052014 and 81?
27
What is the greatest common factor of 34610 and 1270?
10
Calculate the greatest common factor of 2672 and 401466664.
1336
Calculate the highest common divisor of 135 and 26199960.
15
Calculate the greatest common divisor of 204 and 102424422.
102
What is the highest common factor of 6267144 and 8586?
318
What is the highest common factor of 3039624 and 5624?
296
Calculate the greatest common divisor of 10391745 and 73151.
4303
What is the greatest common factor of 7030258 and 604?
302
What is the greatest common factor of 231 and 1575000?
21
Calculate the highest common factor of 6335 and 354217.
181
What is the highest common factor of 2 and 1419103?
1
What is the highest common divisor of 943 and 2128869650?
943
What is the greatest common divisor of 135453 and 1125174?
831
Calculate the highest common divisor of 3318896 and 1460.
4
Calculate the greatest common divisor of 177275 and 159950.
175
What is the greatest common divisor of 38538511 and 411?
137
Calculate the highest common factor of 183680023 and 6430.
643
Calculate the greatest common factor of 15650 and 35656960.
3130
Calculate the highest common factor of 1253744 and 79502.
254
What is the highest common divisor of 1606468920 and 6090?
6090
Calculate the highest common divisor of 58614924 and 114.
114
What is the greatest common factor of 514318 and 3332?
238
Calculate the greatest common factor of 11316 and 301180998.
5658
Calculate the highest common divisor of 6176978462 and 122.
122
What is the highest common factor of 1120071645 and 2835?
2835
What is the highest common factor of 147825803 and 219?
73
Calculate the greatest common divisor of 1059 and 367177539.
1059
Calculate the highest common factor of 298340 and 115262.
14
Calculate the highest common divisor of 16325 and 131425.
25
What is the highest common factor of 4 and 1753126?
2
What is the highest common divisor of 336 and 115428768?
336
Calculate the greatest common factor of 4884 and 4783416.
132
What is the greatest common divisor of 1055960 and 1320?
40
What is the highest common divisor of 1416 and 4002088?
472
Calculate the greatest common divisor of 34977 and 109203.
267
What is the highest common factor of 341646402 and 474?
474
What is the highest common factor of 6048 and 17426124?
108
Calculate the highest common divisor of 4123685 and 8847.
983
What is the greatest common factor of 502538 and 11147?
71
Calculate the greatest common factor of 33606396 and 117.
9
Calculate the highest common divisor of 76 and 25465828.
4
Calculate the greatest common factor of 4934865 and 210.
15
Calculate the highest common factor of 843057 and 81426.
993
What is the highest common factor of 613245 and 525?
15
What is the highest common factor of 252092556 and 21104?
5276
Calculate the highest common divisor of 17361 and 1693019.
643
What is the greatest common divisor of 3118008 and 216?
24
What is the greatest common divisor of 46030678 and 2?
2
Calculate the highest common factor of 4120 and 854520.
40
What is the greatest common divisor of 130598941 and 1745?
349
Calculate the highest common divisor of 1106298 and 10422.
54
Calculate the greatest common divisor of 1974 and 2197626.
282
Calculate the greatest common factor of 5472384 and 1152.
384
What is the greatest common factor of 47121822 and 154?
22
Calculate the highest common divisor of 1076 and 20101832.
1076
What is the greatest common divisor of 108705 and 291778714?
7247
What is the greatest common factor of 277100796 and 6888?
3444
What is the greatest common factor of 81 and 13271175?
27
What is the highest common factor of 16245 and 432585?
45
Calculate the greatest common factor of 3597580 and 343.
49
Calculate the greatest common divisor of 121777 and 126853.
47
What is the highest common divisor of 1669221 and 13059?
9
Calculate the highest common factor of 79135 and 925610.
245
What is the greatest common factor of 820 and 19478854?
82
What is the greatest common factor of 39208 and 819598?
754
Calculate the highest common divisor of 4908 and 3830292.
12
Calculate the greatest common factor of 4103895 and 40.
5
Calculate the highest common divisor of 189288 and 1872.
72
Calculate the highest common divisor of 8310 and 676570.
10
Calculate the greatest common divisor of 14224 and 6398.
14
What is the highest common divisor of 54567 and 5588065?
2021
What is the highest common divisor of 190 and 106212394?
38
What is the highest common divisor of 10539207 and 1260?
63
What is the highest common divisor of 5656 and 18460376?
808
What is the greatest common factor of 408 and 52273062?
102
Calculate the greatest common factor of 1160 and 3330940.
580
Calculate the greatest common divisor of 1375200 and 1750.
50
What is the highest common factor of 543126325 and 175?
175
Calculate the highest common divisor of 813 and 888643146.
813
What is the greatest common divisor of 3084 and 35261428?
1028
What is the highest common divisor of 487470192 and 2640?
528
Calculate the greatest common factor of 15 and 121075185.
15
What is the highest common divisor of 117 and 29574387?
9
Calculate the highest common factor of 25165875 and 375.
375
What is the greatest common factor of 28 and 5594050?
14
Calculate the greatest common factor of 6855 and 1579155.
15
Calculate the highest common factor of 287448 and 74458.
118
What is the highest common fa